.
3, 5, 20919859
List the prime factors of 745094788.
2, 109, 463, 3691
What are the prime factors of 35718894?
2, 3, 29, 7603
List the prime factors of 171417612.
2, 3, 14284801
List the prime factors of 12468249.
3, 153929
What are the prime factors of 515930730?
2, 3, 5, 7, 71, 34603
List the prime factors of 1338719175.
3, 5, 223, 26681
List the prime factors of 26872080.
2, 3, 5, 19, 71, 83
What are the prime factors of 2611437193?
79, 419, 78893
What are the prime factors of 186989898?
2, 3, 67, 461, 1009
What are the prime factors of 5219724851?
11, 31, 15307111
What are the prime factors of 2707230095?
5, 2707, 200017
List the prime factors of 5424718646.
2, 53, 131, 241, 1621
What are the prime factors of 242656484?
2, 7, 307, 28229
List the prime factors of 8245554.
2, 3, 877, 1567
List the prime factors of 204330018.
2, 3, 34055003
List the prime factors of 1569142377.
3, 11, 15849923
What are the prime factors of 1890345753?
3, 17, 53, 233117
What are the prime factors of 401190223?
7, 37, 1548997
List the prime factors of 60904314.
2, 3, 53, 63841
What are the prime factors of 185281634?
2, 92640817
List the prime factors of 234220010.
2, 5, 101, 231901
List the prime factors of 288529270.
2, 5, 17, 1697231
List the prime factors of 222827183.
211, 1056053
What are the prime factors of 21272330?
2, 5, 79, 26927
What are the prime factors of 157728572?
2, 23, 1714441
List the prime factors of 203971649.
7, 29138807
What are the prime factors of 753856292?
2, 7, 26923439
What are the prime factors of 77708956?
2, 13, 1494403
What are the prime factors of 265088963?
331, 800873
What are the prime factors of 25743166?
2, 12871583
What are the prime factors of 428513756?
2, 11, 885359
What are the prime factors of 89095034?
2, 7, 909133
List the prime factors of 1760362949.
37, 61, 773, 1009
What are the prime factors of 321095522?
2, 11, 499, 2659
List the prime factors of 699260017.
21247, 32911
List the prime factors of 141604373.
17, 31, 47, 5717
What are the prime factors of 55560769?
11, 19, 265841
List the prime factors of 541904.
2, 11, 3079
List the prime factors of 4699493.
4699493
What are the prime factors of 743297942?
2, 197, 1886543
What are the prime factors of 116876370?
2, 3, 5, 13, 299683
List the prime factors of 100881159.
3, 661, 50873
List the prime factors of 1150924672.
2, 8991599
List the prime factors of 4246415228.
2, 11, 1427, 67631
What are the prime factors of 51806135?
5, 1091, 9497
List the prime factors of 21382107.
3, 17, 211, 1987
List the prime factors of 1991535609.
3, 7, 2287, 41467
List the prime factors of 48256082.
2, 7, 492409
List the prime factors of 102352272.
2, 3, 11, 149, 1301
List the prime factors of 185667652.
2, 61, 760933
List the prime factors of 24266912.
2, 758341
List the prime factors of 150673101.
3, 659, 76213
What are the prime factors of 1635298375?
5, 13082387
List the prime factors of 1279269181.
769, 1663549
What are the prime factors of 5351217837?
3, 7, 29, 8786893
List the prime factors of 277244592.
2, 3, 5775929
List the prime factors of 3271909.
1091, 2999
List the prime factors of 47215483.
7, 6745069
List the prime factors of 1543654933.
191, 8081963
What are the prime factors of 50088523?
4201, 11923
What are the prime factors of 83941854?
2, 3, 257, 54437
List the prime factors of 2828677982.
2, 13, 108795307
List the prime factors of 136376735.
5, 11, 2479577
List the prime factors of 58688870.
2, 5, 23, 109, 2341
What are the prime factors of 1590679892?
2, 11527, 34499
List the prime factors of 1546210993.
2113, 731761
What are the prime factors of 307567898?
2, 11, 13980359
What are the prime factors of 339064316?
2, 829, 102251
List the prime factors of 2338275654.
2, 3, 11, 13, 79, 3833
What are the prime factors of 6732726665?
5, 7, 17, 19, 149, 571
What are the prime factors of 4034859227?
7, 179, 1223, 2633
List the prime factors of 1870984021.
1571, 1190951
What are the prime factors of 2388655858?
2, 101, 11825029
List the prime factors of 64342899.
3, 41, 127, 1373
What are the prime factors of 20734395?
3, 5, 11, 53, 2371
List the prime factors of 233377362.
2, 3, 31, 46471
What are the prime factors of 25223415?
3, 5, 7, 233, 1031
List the prime factors of 16110485.
5, 67, 48091
What are the prime factors of 22275252?
2, 3, 433, 1429
What are the prime factors of 121022570?
2, 5, 41, 59, 5003
What are the prime factors of 11073300?
2, 3, 5, 7, 5273
What are the prime factors of 155433177?
3, 3187, 5419
List the prime factors of 65634935.
5, 53, 233, 1063
What are the prime factors of 1244097297?
3, 138233033
What are the prime factors of 950637460?
2, 5, 71, 669463
What are the prime factors of 249333491?
11, 37, 612613
List the prime factors of 607930326.
2, 3, 467, 24107
List the prime factors of 1873914705.
3, 5, 13, 3203273
List the prime factors of 332756843.
53, 859, 7309
What are the prime factors of 1797670871?
41, 43845631
List the prime factors of 369886920.
2, 3, 5, 13, 23, 61
What are the prime factors of 677153119?
31, 21843649
List the prime factors of 20867979.
3, 11, 632363
What are the prime factors of 2024844691?
1811, 1118081
List the prime factors of 45499636.
2, 7, 13, 2551
List the prime factors of 2539832649.
3, 59, 14349337
What are the prime factors of 31098874?
2, 157, 99041
What are the prime factors of 841919358?
2, 3, 7, 29, 691231
What are the prime factors of 208660008?
2, 3, 31, 83, 109
What are the prime factors of 116654981?
116654981
What are the prime factors of 9269093?
19, 31, 15737
List the prime factors of 208730654.
2, 11, 61, 155537
What are the prime factors of 62295647?
31, 2009537
List the prime factors of 286303830.
2, 3, 5, 9543461
What are the prime factors of 11733692?
2, 2933423
List the prime factors of 56999698.
2, 7, 53, 76819
What are the prime factors of 31583063?
67, 471389
List the prime factors of 31418682.
2, 3, 5236447
List the prime factors of 4767951369.
3, 157, 167, 60617
What are the prime factors of 285661124?
2, 7, 19, 139, 3863
List the prime factors of 84790260.
2, 3, 5, 157019
What are the prime factors of 183187627?
7, 401, 9323
List the prime factors of 1156269353.
29, 149, 267593
List the prime factors of 2783230.
2, 5, 23, 12101
List the prime factors of 255417639.
3, 17, 617, 8117
List the prime factors of 48614512.
2, 239, 12713
List the prime factors of 883440822.
2, 3, 11, 383, 34949
List the prime factors of 55192560.
2, 3, 5, 41, 71, 79
List the prime factors of 185399693.
185399693
What are the prime factors of 1013179591?
4229, 239579
What are the prime factors of 128838548?
2, 23, 53, 26423
What are the prime factors of 260229369?
3, 97, 894259
List the prime factors of 41771516.
2, 17, 107, 5741
What are the prime factors of 15305447?
15305447
What are the prime factors of 330449520?
2, 3, 5, 19, 72467
What are the prime factors of 3416269638?
2, 3, 569378273
What are the prime factors of 775549970?
2, 5, 13, 37, 161237
List the prime factors of 39989603.
5861, 6823
List the prime factors of 135109177.
7, 149, 129539
What are the prime factors of 168485462?
2, 84242731
What are the prime factors of 13157958?
2, 3, 11, 73, 2731
List the prime factors of 477040910.
2, 5, 17, 2806123
List the prime factors of 3507718.
2, 67, 26177
What are the prime factors of 1300015910?
2, 5, 19, 6842189
List the prime factors of 89371641.
3, 29790547
List the prime factors of 100494710.
2, 5, 257, 39103
List the prime factors of 35509551.
3, 7, 11, 347, 443
What are the prime factors of 8626626?
2, 3, 59, 8123
List the prime factors of 563076023.
17, 653, 50723
List the prime factors of 522342347.
522342347
List the prime factors of 75203052.
2, 3, 59, 106219
What are the prime factors of 2224715723?
2224715723
List the prime factors of 8443279304.
2, 1283, 822611
List the prime factors of 53224841.
17, 43, 4283
List the prime factors of 49784786.
2, 24892393
What are the prime factors of 3768561952?
2, 6421, 18341
What are the prime factors of 549212516?
2, 127, 1081127
What are the prime factors of 2240775278?
2, 7, 37, 59, 157, 467
List the prime factors of 813259156.
2, 9851, 20639
What are the prime factors of 42355234?
2, 21177617
What are the prime factors of 18642207?
3